{"id":364,"date":"2021-07-07T15:02:26","date_gmt":"2021-07-07T13:02:26","guid":{"rendered":"https:\/\/joenpolvi.fi\/?page_id=364"},"modified":"2026-01-18T21:13:16","modified_gmt":"2026-01-18T19:13:16","slug":"mita-yhteisopedagogi-osaa","status":"publish","type":"page","link":"https:\/\/joenpolvi.fi\/?page_id=364","title":{"rendered":"Yhteis\u00f6pedagogi"},"content":{"rendered":"\n<p class=\"has-medium-font-size\">Opintojen alussa yhteis\u00f6pedagogin kompetenssit eiv\u00e4t oikein edes auenneet, en siis ymm\u00e4rt\u00e4nyt mit\u00e4 niill\u00e4 tarkoitettiin, mutta t\u00e4n\u00e4\u00e4n voin ylpe\u00e4sti kirjoittaa ne jo ihan min\u00e4 muotoon ja ymm\u00e4rr\u00e4n t\u00e4ysin niiden sis\u00e4ll\u00f6n. Ihanaa! On t\u00e4rke\u00e4\u00e4 tunnistaa oma osaamisensa.<\/p>\n\n\n\n<p><strong>Yhteis\u00f6llinen osaaminen<\/strong><\/p>\n\n\n\n<div class=\"wp-block-group\"><div class=\"wp-block-group__inner-container is-layout-flow wp-block-group-is-layout-flow\">\n<p>Ymm\u00e4rr\u00e4n yhteis\u00f6llisyyden ja osallisuuden merkityksen toiminnassa. Tunnistan yhteis\u00f6llisyyden moninaisen luonteen l\u00e4hiyhteis\u00f6ist\u00e4 virtuaalisiin yhteis\u00f6ihin. Osaan innostaa ja vahvistaa yksil\u00f6it\u00e4 ja ryhmi\u00e4 sek\u00e4 edist\u00e4\u00e4 yksil\u00f6iden ja ryhmien v\u00e4list\u00e4 suvaitsevaisuutta. Osaan ohjata yksil\u00f6it\u00e4 ja yhteis\u00f6it\u00e4 tunnistamaan, hy\u00f6dynt\u00e4m\u00e4\u00e4n ja edist\u00e4m\u00e4\u00e4n omia kasvamisen ja kehittymisen mahdollisuuksiaan. Tunnen kest\u00e4v\u00e4n kehityksen periaatteet ja osaan toimia sosiaalisen, kulttuurisen, ekologisen ja taloudellisen kest\u00e4v\u00e4n kehityksen edist\u00e4miseksi.<\/p>\n<\/div><\/div>\n\n\n\n<p><strong>Pedagoginen osaaminen<\/strong><\/p>\n\n\n\n<div class=\"wp-block-group\"><div class=\"wp-block-group__inner-container is-layout-flow wp-block-group-is-layout-flow\">\n<p>Ymm\u00e4rr\u00e4n kasvun, kasvatuksen ja kehityksen teoriaperustan sek\u00e4 kykenee soveltamaan t\u00e4t\u00e4 tietoa k\u00e4yt\u00e4nn\u00f6ss\u00e4. Ymm\u00e4rr\u00e4n kansalaistoiminnassa ja nuorisoty\u00f6ss\u00e4 k\u00e4ytett\u00e4vien pedagogisten ja osallistavien menetelmien tietoperustan, ja osaa k\u00e4ytt\u00e4\u00e4 ja soveltaa erilaisia toimintaymp\u00e4rist\u00f6\u00f6n sopivia ohjauksen menetelmi\u00e4. Minulla on kyky ohjata eri-ik\u00e4isist\u00e4 ihmisist\u00e4 koostuvia yhteis\u00f6j\u00e4 ja ryhmi\u00e4 sek\u00e4 edist\u00e4\u00e4 yhteis\u00f6llist\u00e4 toimintaa. Olen tietoinen ammattialani pedagogisista toimintaymp\u00e4rist\u00f6ist\u00e4 ja osaan toimia niiss\u00e4 ammatillisesti ja eettisesti. Osaan arvioida ja tiedostan pedagogisen osaamisen osana kehittyv\u00e4\u00e4 ammatillisuuttani.<\/p>\n<\/div><\/div>\n\n\n\n<p><strong>Yhteiskunnallinen osaaminen<\/strong><\/p>\n\n\n\n<div class=\"wp-block-group\"><div class=\"wp-block-group__inner-container is-layout-flow wp-block-group-is-layout-flow\">\n<p>Tunnen yhteiskunnan rakenteet, toimintamekanismit ja vaikuttamismahdollisuudet. Ymm\u00e4rr\u00e4n ammatillisen toiminnan periaatteet paikallisella, kansallisella ja kansainv\u00e4lisell\u00e4 tasolla. Tiedostan kansalaistoiminnan ja nuorisoty\u00f6n merkityksen yhteiskunnassa. Tiedostan ja osaan hy\u00f6dynt\u00e4\u00e4 kansalaistoiminnan keinoja vaikuttamisen v\u00e4lineen\u00e4. Tunnen ja osaan soveltaa toiminnassani julkisen ja kolmannen sektorin sek\u00e4 yritt\u00e4jyyden s\u00e4\u00e4telymekanismeja ja toimintatapoja.<\/p>\n<\/div><\/div>\n\n\n\n<p><strong>Kehitt\u00e4misosaaminen<\/strong><\/p>\n\n\n\n<div class=\"wp-block-group\"><div class=\"wp-block-group__inner-container is-layout-flow wp-block-group-is-layout-flow\">\n<p>Minulla on valmiuksia kriittiseen ajatteluun ja toimintatapojen arviointiin. Osaan suunnitella, toteuttaa ja arvioida erilaisia kehitt\u00e4misprosesseja. Ymm\u00e4rr\u00e4n tutkimuksellisen kehitt\u00e4mistoiminnan perusteet ja osaan soveltaa kehitt\u00e4mistoimintaan soveltuvia menetelmi\u00e4. Olen kehitt\u00e4nyt valmiuksiani ty\u00f6skennell\u00e4 reflektiivisell\u00e4 ja kehitt\u00e4v\u00e4ll\u00e4 ty\u00f6otteella omalla ty\u00f6- ja ammattialallani sek\u00e4 moniammatillisissa teht\u00e4viss\u00e4 ja monialaisissa verkostoissa. Osaan toiminnassani huomioida kehitt\u00e4misty\u00f6n edellytt\u00e4m\u00e4t resurssit ja voimavarat. Kykenen ennakoivaan toimintaan ja luovaan ongelmanratkaisuun.<\/p>\n<\/div><\/div>\n\n\n\n<p>Lis\u00e4\u00e4 yhteis\u00f6pedagogiopinnoista:<\/p>\n\n\n\n<figure class=\"wp-block-embed is-type-wp-embed is-provider-humanistinen-ammattikorkeakoulu wp-block-embed-humanistinen-ammattikorkeakoulu\"><div class=\"wp-block-embed__wrapper\">\n<blockquote class=\"wp-embedded-content\" data-secret=\"rwKetL9H6q\"><a href=\"https:\/\/www.humak.fi\/koulutus\/yhteisopedagogi-amk\/\">Yhteis\u00f6pedagogi (AMK)<\/a><\/blockquote><iframe loading=\"lazy\" class=\"wp-embedded-content\" sandbox=\"allow-scripts\" security=\"restricted\" style=\"position: absolute; visibility: hidden;\" title=\"&#8221;Yhteis\u00f6pedagogi (AMK)&#8221; &#8212; Humanistinen ammattikorkeakoulu\" src=\"https:\/\/www.humak.fi\/koulutus\/yhteisopedagogi-amk\/embed\/#?secret=2SnuSa199S#?secret=rwKetL9H6q\" data-secret=\"rwKetL9H6q\" width=\"600\" height=\"338\" frameborder=\"0\" marginwidth=\"0\" marginheight=\"0\" scrolling=\"no\"><\/iframe>\n<\/div><\/figure>\n","protected":false},"excerpt":{"rendered":"<p>Opintojen alussa yhteis\u00f6pedagogin kompetenssit eiv\u00e4t oikein edes auenneet, en siis ymm\u00e4rt\u00e4nyt mit\u00e4 niill\u00e4 tarkoitettiin, mutta t\u00e4n\u00e4\u00e4n voin ylpe\u00e4sti kirjoittaa ne jo ihan min\u00e4 muotoon ja ymm\u00e4rr\u00e4n t\u00e4ysin niiden sis\u00e4ll\u00f6n. Ihanaa! On t\u00e4rke\u00e4\u00e4 tunnistaa oma osaamisensa. Yhteis\u00f6llinen osaaminen Ymm\u00e4rr\u00e4n yhteis\u00f6llisyyden ja osallisuuden merkityksen toiminnassa. Tunnistan yhteis\u00f6llisyyden moninaisen luonteen l\u00e4hiyhteis\u00f6ist\u00e4 virtuaalisiin yhteis\u00f6ihin. Osaan innostaa ja vahvistaa yksil\u00f6it\u00e4 ja ryhmi\u00e4 sek\u00e4 edist\u00e4\u00e4 yksil\u00f6iden ja ryhmien v\u00e4list\u00e4 suvaitsevaisuutta. Osaan ohjata yksil\u00f6it\u00e4 ja yhteis\u00f6it\u00e4 tunnistamaan, hy\u00f6dynt\u00e4m\u00e4\u00e4n ja edist\u00e4m\u00e4\u00e4n omia kasvamisen ja kehittymisen mahdollisuuksiaan. Tunnen kest\u00e4v\u00e4n kehityksen periaatteet ja osaan toimia sosiaalisen, kulttuurisen, ekologisen ja taloudellisen kest\u00e4v\u00e4n kehityksen edist\u00e4miseksi. Pedagoginen osaaminen Ymm\u00e4rr\u00e4n kasvun, kasvatuksen ja kehityksen teoriaperustan sek\u00e4 kykenee soveltamaan t\u00e4t\u00e4 tietoa k\u00e4yt\u00e4nn\u00f6ss\u00e4. Ymm\u00e4rr\u00e4n kansalaistoiminnassa ja nuorisoty\u00f6ss\u00e4 k\u00e4ytett\u00e4vien pedagogisten ja osallistavien menetelmien tietoperustan, ja osaa k\u00e4ytt\u00e4\u00e4 ja soveltaa erilaisia toimintaymp\u00e4rist\u00f6\u00f6n sopivia ohjauksen menetelmi\u00e4. Minulla on kyky ohjata eri-ik\u00e4isist\u00e4 ihmisist\u00e4 koostuvia yhteis\u00f6j\u00e4 ja ryhmi\u00e4 sek\u00e4 edist\u00e4\u00e4 yhteis\u00f6llist\u00e4 toimintaa. Olen tietoinen ammattialani pedagogisista toimintaymp\u00e4rist\u00f6ist\u00e4 ja osaan toimia niiss\u00e4 ammatillisesti ja eettisesti. Osaan arvioida ja tiedostan pedagogisen osaamisen osana kehittyv\u00e4\u00e4 ammatillisuuttani. Yhteiskunnallinen osaaminen Tunnen yhteiskunnan rakenteet, toimintamekanismit ja vaikuttamismahdollisuudet. Ymm\u00e4rr\u00e4n ammatillisen toiminnan periaatteet paikallisella, kansallisella ja kansainv\u00e4lisell\u00e4 tasolla. Tiedostan kansalaistoiminnan ja nuorisoty\u00f6n merkityksen yhteiskunnassa. Tiedostan ja osaan hy\u00f6dynt\u00e4\u00e4 kansalaistoiminnan keinoja vaikuttamisen v\u00e4lineen\u00e4. Tunnen ja osaan soveltaa toiminnassani julkisen ja kolmannen sektorin sek\u00e4 yritt\u00e4jyyden s\u00e4\u00e4telymekanismeja ja toimintatapoja. Kehitt\u00e4misosaaminen Minulla on valmiuksia kriittiseen ajatteluun ja toimintatapojen arviointiin. Osaan suunnitella, toteuttaa ja arvioida erilaisia kehitt\u00e4misprosesseja. Ymm\u00e4rr\u00e4n tutkimuksellisen kehitt\u00e4mistoiminnan perusteet ja osaan soveltaa kehitt\u00e4mistoimintaan soveltuvia menetelmi\u00e4. Olen kehitt\u00e4nyt valmiuksiani ty\u00f6skennell\u00e4 reflektiivisell\u00e4 ja kehitt\u00e4v\u00e4ll\u00e4 ty\u00f6otteella omalla ty\u00f6- ja ammattialallani sek\u00e4 moniammatillisissa teht\u00e4viss\u00e4 ja monialaisissa verkostoissa. Osaan toiminnassani huomioida kehitt\u00e4misty\u00f6n edellytt\u00e4m\u00e4t resurssit ja voimavarat. Kykenen ennakoivaan toimintaan ja luovaan ongelmanratkaisuun. Lis\u00e4\u00e4 yhteis\u00f6pedagogiopinnoista:<\/p>\n","protected":false},"author":2,"featured_media":125,"parent":35,"menu_order":10,"comment_status":"closed","ping_status":"closed","template":"","meta":{"footnotes":""},"class_list":["post-364","page","type-page","status-publish","has-post-thumbnail","hentry"],"jetpack_sharing_enabled":true,"_links":{"self":[{"href":"https:\/\/joenpolvi.fi\/index.php?rest_route=\/wp\/v2\/pages\/364","targetHints":{"allow":["GET"]}}],"collection":[{"href":"https:\/\/joenpolvi.fi\/index.php?rest_route=\/wp\/v2\/pages"}],"about":[{"href":"https:\/\/joenpolvi.fi\/index.php?rest_route=\/wp\/v2\/types\/page"}],"author":[{"embeddable":true,"href":"https:\/\/joenpolvi.fi\/index.php?rest_route=\/wp\/v2\/users\/2"}],"replies":[{"embeddable":true,"href":"https:\/\/joenpolvi.fi\/index.php?rest_route=%2Fwp%2Fv2%2Fcomments&post=364"}],"version-history":[{"count":6,"href":"https:\/\/joenpolvi.fi\/index.php?rest_route=\/wp\/v2\/pages\/364\/revisions"}],"predecessor-version":[{"id":977,"href":"https:\/\/joenpolvi.fi\/index.php?rest_route=\/wp\/v2\/pages\/364\/revisions\/977"}],"up":[{"embeddable":true,"href":"https:\/\/joenpolvi.fi\/index.php?rest_route=\/wp\/v2\/pages\/35"}],"wp:featuredmedia":[{"embeddable":true,"href":"https:\/\/joenpolvi.fi\/index.php?rest_route=\/wp\/v2\/media\/125"}],"wp:attachment":[{"href":"https:\/\/joenpolvi.fi\/index.php?rest_route=%2Fwp%2Fv2%2Fmedia&parent=364"}],"curies":[{"name":"wp","href":"https:\/\/api.w.org\/{rel}","templated":true}]}}